2 + 0 + 1 - -3. Suppose 4*f = -p + u, 3 = 2*f + 5*p - 9. What is the units digit of f?
1
Let i(q) = 2*q - 3. Let f be i(4). Suppose -4*s - f*w + 66 = 0, 2*s - 50 = -2*s + 3*w. What is the tens digit of s?
1
Let k(v) = 2 + 2*v - 18*v**2 - 2*v**3 + 17*v**2 + 0. What is the units digit of k(-2)?
0
Let y = -5 + 8. Let k be 10/y + (-1)/3. Suppose -5*z - 2*a = -66, 0*z - k*z = -3*a - 27. What is the tens digit of z?
1
Suppose -u + 98 = -0. What is the tens digit of u?
9
Let h be -2*(-3 - -6)/(-3). Suppose h*f + 212 = 6*f. Suppose -f = -3*t + 1. What is the tens digit of t?
1
Let t be 6/27 - 320/(-18). Let v = t + -7. What is the tens digit of v?
1
What is the units digit of 12/(-8) + (-42)/(-4)?
9
Let v be 17/(-2) + 3/6. Let z(d) = -d**2 - 9*d - 1. What is the units digit of z(v)?
7
Let l be 16/(-24) - 148/(-6). Let x = -13 + l. What is the tens digit of x?
1
Let q(u) = -u**2 + 6*u - 3. Let x be q(5). What is the units digit of x + -1 + (-3 - -35)?
3
Let u(n) = -n**3 - 8*n**2 + 10*n + 10. What is the units digit of u(-11)?
3
Suppose 5*k - 16 = 5*l - 1, 3*l = 12. Suppose 4*g - 1 - k = 0. What is the tens digit of (-1*20 - g)/(-2)?
1
Let u(h) be the third derivative of 1/10*h**5 + 1/3*h**4 - 1/6*h**3 + 0 + 0*h - 1/120*h**6 + 2*h**2. What is the units digit of u(7)?
6
Suppose f = -3*c - 189, 3*c + 174 = -0*c + 4*f. Let x be 0 + 0 - -9 - -1. What is the units digit of 2/(-10) - c/x?
6
Let m(j) = -j**2 + 7*j - 7. Let w be m(5). Suppose -w*u + u = -12. What is the units digit of u?
6
Suppose -5*x = 3*c + 3 - 4, -3*c = 9. Suppose 0 = 3*k - v - 61, -2*v = x*v + 16. What is the units digit of k?
9
Let v(j) = 24*j + 10. What is the units digit of v(3)?
2
Let a(u) = -u**3 + 8*u**2 + 16*u - 8. What is the tens digit of a(7)?
5
Suppose j - 16 = -3*j. Suppose d = 3*d + 5*a + 28, -4*a = -j*d. What is the tens digit of 5/(10/d) - -19?
1
What is the tens digit of (-4)/(-6) - (-122)/6?
2
Let a be -2 + 0 + (-5)/(-5). Let t be 44 - 0 - (1 - a). Suppose 5*l = -2 + t. What is the units digit of l?
8
Suppose 2*v + 20 = -2*v. Let h = v - -14. What is the units digit of h?
9
Let j(v) = -v + 21. What is the tens digit of j(0)?
2
Suppose 3*m + 25 = -2*m. Let r be 22 - ((-6)/(-2) + m). What is the units digit of (16/r)/(2/6)?
2
Let g(t) be the third derivative of -t**6/120 + t**5/15 + t**4/6 - t**3/3 - t**2. What is the units digit of g(4)?
4
Let l(i) = 4*i**2 - 5*i. Let h be l(5). Let g = h + -46. What is the tens digit of g?
2
Suppose -5*x + 3*x = -4. Suppose -5*i - l = -76, -4*i + x*l - 3*l + 60 = 0. Suppose 2*f - i - 4 = 0. What is the units digit of f?
0
Let k be (-18)/(-14) - (-4)/(-14). Let n = -6 + k. What is the units digit of 6/n*15/(-6)?
3
Let l = 0 - -2. Suppose 53 = 3*b + 5*h, l*b + 5*h - 54 + 12 = 0. What is the units digit of b?
1
Let p(s) = -4*s - 30. What is the tens digit of p(-14)?
2
Let j = 1 + 21. Let d(g) = -3*g**3 + g**2 + 2*g + 1. Let i be d(2). Let q = i + j. What is the units digit of q?
7
Suppose 5*l - 64 = -2*d, -3*l - l + 50 = 2*d. What is the units digit of 2/(-4) + 105/l?
7
Let c(z) = z**3 - z**2 + z + 5. Let k be c(0). Let q = k + -2. What is the units digit of q?
3
Suppose -2*n = -2*l - 114, -4*n + 285 = n - l. What is the tens digit of n?
5
What is the units digit of 33*(5/((-10)/(-4)))/2?
3
What is the tens digit of (1 + (-40)/(-12) + -4)*471?
5
Let u = -34 + 111. What is the units digit of u?
7
Suppose 3*m + 4*z = 119, z - 131 = -2*m - m. What is the units digit of m?
5
Let a be (12/(-8) - -2)*0. Suppose a*n - n = -21. What is the units digit of n?
1
Let t(s) be the second derivative of -s**5/24 - s**4/24 - s**3/2 - s. Let q(k) be the second derivative of t(k). What is the units digit of q(-1)?
4
Let p(v) = -13*v**3 + v. Let z be 1/6*3*2. Let q be 0 + (0 - 1)*z. What is the tens digit of p(q)?
1
Let j = -6 - -14. What is the units digit of j?
8
Let q = -51 + 76. What is the tens digit of q?
2
Let n = 22 + -16. Suppose 0 = -2*v - n + 16. Let f = 8 - v. What is the units digit of f?
3
Let y = -51 - -142. What is the tens digit of y?
9
Let f(b) = 38*b - 36. What is the units digit of f(5)?
4
Suppose -3*g + 150 = 5*o + 2*g, 3*o = -5*g + 92. What is the tens digit of o?
2
Let u(h) = 2*h - 12. Let z be u(8). Suppose 4*f - 3*f = -2, -26 = -x + z*f. What is the tens digit of x?
1
Suppose 4*l - 110 = -0*f + 2*f, 3*l = 4*f + 70. What is the units digit of l?
0
Suppose d - 11 = l, 0*d = -d + 4*l + 2. Let r(f) = -f**3 + 6*f**2 - f - 3. Let s be r(6). Let c = s + d. What is the units digit of c?
5
Suppose 6*y - 449 = 109. What is the tens digit of y?
9
Let v = -9 - -14. Let f(l) = l - 6. Let w(g) = 1. Let u(j) = f(j) + 2*w(j). What is the units digit of u(v)?
1
Let x(o) = o - 4. Let p = 2 + 2. Let y be x(p). Suppose y = w + 3*q, -2*w - 2*q + 12 + 0 = 0. What is the units digit of w?
9
Suppose 2*a = -4*o + 80, -2*o = -7*o + 20. What is the tens digit of 63/(-6)*a/(-12)?
2
Suppose -2 = -2*o - 6. Let g be 16/(o/(-15)*3). Suppose -4*a = -g + 8. What is the units digit of a?
8
Let w(j) = 3*j. Let z be w(-2). What is the units digit of (4/12)/((-1)/z)?
2
Let f(o) = -6*o - o**3 - 6 + 4*o**2 + 5*o**2 + 0*o**3. Let y be f(8). Suppose -5*j = -3*j - y. What is the units digit of j?
5
Let o(j) = j**2 - 4*j - 2. Let u be o(5). Suppose 0 = -u*z + 4*b - 1, 0 = -10*z + 5*z - 4*b + 9. What is the units digit of z/(-3 - (-30)/9)?
3
What is the units digit of 1*(6 - 1) + 1?
6
Let n(s) = 8*s - 10. What is the tens digit of n(5)?
3
Suppose -d - 6 = -h + 7, -2*h + 10 = 0. Let x be 54/d*(-16)/6. What is the units digit of ((-8)/(-6))/(4/x)?
6
Let v(l) be the third derivative of -l**5/60 + 7*l**4/24 + 2*l**2. Let d be v(6). What is the units digit of (-4)/(-2) - (4 - d)?
4
Suppose -l + 2*l = -2*p, 5*l - 5*p = 15. Suppose -3*t - l*t = -65. What is the tens digit of t?
1
Suppose -4*d + 3*d + 5*v = 15, -3*v + 9 = -d. Suppose 11*w - 6*w - 45 = d. What is the units digit of w?
9
Let w = 0 - -5. Suppose -w*l + 8 = -4*l. What is the units digit of l?
8
Let g(d) = d + 11. Let p be g(0). What is the units digit of ((1 - -3) + -3)*p?
1
Let u(m) be the third derivative of 3*m**4/8 - 2*m**3/3 + m**2. What is the tens digit of u(3)?
2
Let w(v) be the third derivative of v**5/20 + v**4/12 - 2*v**2. What is the units digit of w(2)?
6
Let d = -11 - -18. Let n = -4 + d. Suppose 0 = -q - n*q + 3*b + 7, 3*b - 9 = 0. What is the units digit of q?
4
Let u(m) = 9*m + 1. Let o(c) = 5*c + 1. Let k(t) = 11*o(t) - 6*u(t). Suppose 0 = 2*l - l - 4. What is the units digit of k(l)?
9
Suppose 5*r - 528 = 1002. What is the units digit of r?
6
Suppose 0 = -5*c + 136 + 19. Suppose u = -0*u + c. What is the tens digit of u?
3
What is the tens digit of (27/18)/((-1)/(-12))?
1
Suppose -70 = 3*j - 8*j. What is the tens digit of j?
1
Let q be 1/(1 - (-12)/(-15)). Suppose -5*u = -4*y - q, -3*u - 5*y = -2 - 1. Suppose -u = 3*p - 7. What is the units digit of p?
2
Let x = -135 - -209. What is the units digit of x?
4
Let a be 3*(-5)/(30/8). Let m(c) = c + 1. Let k be m(a). Let u = k + 4. What is the units digit of u?
1
Suppose 3 = 2*c - 3. Let f be (c - -9)*1/4. Suppose i + 5*y - 23 = 0, 5*i + f*y = 2*y + 91. What is the units digit of i?
8
Let m(o) = -o - 6. Let u be m(-6). Let d(a) = a**3 + a**2 + a + 12. What is the units digit of d(u)?
2
Let w(y) = y**3 + 3*y**2 + 4*y + 4. Let f be w(-3). Let r(i) = -i**2 - 8*i + 11. What is the tens digit of r(f)?
1
Let j = -3 - -3. What is the units digit of (0 - 3) + (7 - j)?
4
Let i be 0 + 3 + (4 - 6). Let y be i*3/12*-4. Let r = y - -13. What is the units digit of r?
2
Suppose 3*c + 9 = 0, -2*c = -4*n + 208 - 42. Suppose -x + 0*x = -n. Suppose 18 + 14 = 2*u - 2*g, -4*u - 2*g + x = 0. What is the tens digit of u?
1
Let z(a) = 7*a**2 - 3*a - 4. What is the tens digit of z(4)?
9
Suppose 4*l - 1 = -13. Let k be l/5 + 37/(-5). Let g = k - -11. What is the units digit of g?
3
Let q(t) = t**3 - t**2 - 2*t - 2. What is the tens digit of q(3)?
1
Let g be 1 - 2/(-4)*26. Let o = g + -8. What is the units digit of (-2)/(-6) + 52/o?
9
Let x be 1*2*(-12)/(-8). Suppose x*d + 3 = -p, 3*p - 2*d = 3*d + 61. What is the units digit of p?
2
Let c = 7 - 7. Suppose c = -l - 0*l + 14. What is the tens digit of l?
1
Suppose 0 = 3*k + 2*k - 50. What is the units digit of 6/k + (-2)/(-5)?
1
Let j 